 - n**3/6 + 2*n + 5. Let m(w) = -w**3 + 5*w**2 + 6*w + 6. Let a(h) = 2*b(h) + m(h). Determine a(-4).
6
Let p = 8 - 5. Suppose -p*v = -0*v - 6. Let a(o) = -3*o + 4*o**2 + 58725*o**3 - 2 + 2 - 2 - 58727*o**3 + 4. What is a(v)?
-4
Let s be (341 - 1)/(-2) - (-35 - -31). Let j = s - -164. Let o(c) be the second derivative of c**4/6 + c**3/3 + c**2 + c. What is o(j)?
6
Let g(s) be the first derivative of s**3/3 - 5*s**2/2 + 6*s + 9. Let w be -3 + (-5)/(-5) - (-189)/27. Give g(w).
6
Suppose 3 = -11*v + 25. Let c(b) = -274*b**2 - 5*b - 272*b**2 + 8 + 545*b**v. Calculate c(-8).
-16
Let k = -319 - -327. Let w be (5 - k)*(-8)/(-12). Let a(n) = -4*n**3 + 2*n**2 + n + 1. Give a(w).
39
Let s(r) = 17 - r + 0*r - 3*r. Let o = -33228 - -33232. Calculate s(o).
1
Suppose 4*o + 5*p = -25 + 174, -2*o - 4*p + 76 = 0. Suppose -111 = -o*v + 33. Let z(u) = 0*u - 2*u**2 + 3*u + 0*u + 4. Give z(v).
-16
Let f(s) be the first derivative of -179 - s - 11/2*s**2. Give f(1).
-12
Let p(b) be the second derivative of b**6/360 + b**5/60 + b**4/6 + 19*b**3/2 - 31*b + 1. Let y(i) be the second derivative of p(i). Determine y(-3).
7
Let f(q) = -3*q + 12. Let o(l) = 3*l + 14. Let k(y) = 2*f(y) - o(y). Give k(2).
-8
Let u(c) = -5*c + 4*c + 9*c + 20*c**2 + 5 - 19*c**2. Let s = 91 + -97. Determine u(s).
-7
Let v(j) = j**2 - 13*j + 9. Let t(a) = 12*a - 207. Let q be t(18). Give v(q).
-27
Let o(l) = 4*l**2 - 23 + 27 + 0*l**3 + l**3. Suppose -5*x - 32 = -0*z + 3*z, -24 = 3*z + 3*x. Calculate o(z).
4
Let v(f) = 32*f + 8. Let s be 2 + 1 + 9 + -8 + 170/(-34). Determine v(s).
-24
Let q(a) = 11*a**3 - 3*a**2 - 6*a + 2. Let m(h) = -8*h**3 + 6*h**2 + 7*h - 2. Let p(g) = 2*m(g) + 3*q(g). What is p(1)?
18
Let t(f) = 5*f**3 + 268*f**2 - 386*f - 63. Let c be t(-55). Let h(b) = b**3 + 6*b**2 - 17*b + 10. What is h(c)?
18
Let o(h) be the second derivative of -h**4/12 - 19*h**3/6 - 9*h**2 - 20*h + 3. Determine o(-18).
0
Let j be (-4 + 2)/((150/45)/(-5)). Let q(b) be the first derivative of -3/2*b**2 - 14 + 1/3*b**j + 4*b. What is q(4)?
8
Let x(u) = u**2 + 10*u + 2. Let m(w) = -w**2 - 28*w + 114. Let b be m(-30). Let o be 125/(-15) + -6*6/b. Calculate x(o).
-7
Let w(b) be the first derivative of -b**3 - b**2/2 + b - 18718. Suppose -4*m - 3*z - 5 = -0*m, 0 = -2*m - 3*z - 1. Determine w(m).
-9
Let r(y) be the third derivative of 0*y + 2/3*y**3 - 1/60*y**5 - 3/8*y**4 - 55*y**2 + 2. What is r(-10)?
-6
Let d(z) = -2*z + 8. Let p(s) = -12 - 37*s + 20*s + 18*s. Let a = 79 + -60. Let m be p(a). Determine d(m).
-6
Let z(v) = -9*v**3 + 10*v**2 - 4*v - 7. Let f(w) = -2*w**2 - 2*w**3 - 6 + 11 + 3*w**2 - 6. Let b(m) = -4*f(m) + z(m). What is b(6)?
-27
Let n be (-1)/(-1)*1 + -1. Let u(l) = -55*l - 548. Let z be u(-10). Let j(r) = 7 - z + r**2 + 8 - 5372*r + 5373*r + 9. What is j(n)?
22
Let m = 42 - 42. Suppose 3*q = -5*g - 2*q - 25, m = 5*g + 3*q + 21. Let r(l) = 3*l - 8 + 12 + 3*l**2 - 4*l + 2*l**3 - 2*l. What is r(g)?
-14
Let f(z) = z**3 + 6*z**2 + 8*z + 5. Let d(n) = n**3 + 9*n**2 - 6*n + 25. Let q be d(-7). Let c = q - 170. Calculate f(c).
-10
Let u(o) be the second derivative of -o**5/60 + 11*o**4/24 - o**3/2 - 90*o**2 + 2*o + 198. Let t(j) be the first derivative of u(j). Calculate t(10).
7
Let d(j) = -2*j**2 + 4*j**2 + j**3 + 4*j**2 - 18*j**2 - 1 + 4*j**2 + 11*j. Determine d(6).
-7
Let u(i) = i**3 - 3*i**2 - 2*i + 6. Let h be (-1)/7 + 39/(-21). Let n = h - 32. Let g = n + 38. Determine u(g).
14
Let x(c) = 2*c**2 + 5*c + 5. Let g be x(-3). Suppose 21*j - g*j - 26 = 0. Let u(d) = 5*d - 11 + 4 + 0*d**2 - d**3 + d**j - 4*d**2. Calculate u(-5).
18
Let b(y) be the second derivative of -y**4/2 - 8*y**3/3 + 5*y**2 - 4529*y + 2. Determine b(-6).
-110
Let l(i) = i - 6. Let b(o) = -o + 3. Let z(w) = -5*b(w) - 3*l(w). Let n(j) = j**2 - 10*j - 13. Let c be n(8). Let u = c + 34. What is z(u)?
13
Let g be 2*((-35)/10 + 5). Let z(c) = 4 - 43*c + c**g - 4 + 8 - 5*c**2 + 38*c. What is z(6)?
14
Suppose 3*v = 19*v - 7*v. Suppose -3*g - 45 + 63 = v. Let q(r) = r**2 - 6*r - 3. Determine q(g).
-3
Suppose 0 = -5*o - 2*s + s + 9, 3*o + 5*s - 1 = 0. Suppose -4 = o*w - 14. Suppose 4*b = w*a - 51, 4*b - 9 = -3*a + b. Let q(t) = -t**2 + 8*t - 5. What is q(a)?
2
Let t(s) = s**2 + 9. Let w(l) = 4*l + 22. Let q(a) = 2*t(a) - w(a). Determine q(-1).
2
Let y = -2742 + 2738. Suppose 5*c = -5*h + 45, -4 - 8 = -3*c. Let w(p) = -h - 4*p**2 + p**2 - 2*p**2 - 9*p + 4*p**2. Give w(y).
15
Let k(x) = -x**2 + 5*x + 3. Let u be k(6). Let a(p) = 389*p - 783*p - 8 + 8 + 396*p. What is a(u)?
-6
Let t(d) = -4*d**3 + 25*d**2 + 24*d - 19. Let w be t(7). Let n(m) = m**2 - 1. Let l(a) = -a + a + 0*a**2 + a + 3*a**2. Let c(j) = l(j) + n(j). Give c(w).
17
Let i be ((-4)/5)/(18/(-315)) + 0. Let v(y) = -7*y**3 - 9*y**2 - 2 + i*y**2 + 8*y**3. Let z be (130/15 - 9)*15. Determine v(z).
-2
Suppose 0 = -22*z + 3 + 41. Let h(v) = v**3 - 15*v**2 - v + 24. Let b be h(15). Let a(o) = -6 - 9*o + b*o + z*o. What is a(6)?
6
Let f(z) = -z**3 + 10*z**2 - z - 8. Let d = -4105 + 4114. What is f(d)?
64
Let y(t) be the first derivative of t**3/3 - 3*t**2 + 15*t - 668. What is y(7)?
22
Let a(m) = -20394*m + 40790*m - 20403*m + 1. Let n(c) = c**3 + 8*c**2 + 6*c - 1. Let i be n(-7). Suppose 0 = -s - 2*s - i. Give a(s).
15
Let u(f) be the third derivative of 7*f**2 + 0 + 0*f**3 - 5/24*f**4 + 0*f. Suppose 11*q - 40 = -7. Determine u(q).
-15
Let p be -3 - 2 - (-5 - -65). Let z = p - -60. Let r(n) = -n**2 - 5*n - 1. Give r(z).
-1
Let r(m) = -2849228*m + 4*m**2 - 3*m**2 + 2849250*m. Calculate r(0).
0
Let m(t) = 9*t**3 - 24*t**2 + 18*t - 8. Let j(w) = 4*w**3 - 12*w**2 + 10*w - 3. Let r(f) = 7*j(f) - 3*m(f). Calculate r(11).
58
Let l(y) = 4*y - 3. Let f(r) = -3*r + 9. Let d be f(11). Let g = -22 - d. Determine l(g).
5
Suppose -f = -f - 8*f. Let h(m) = 3*m - m**2 + 7*m - 14*m - 2 + f. What is h(-4)?
-2
Suppose 6*n = 2*n + 12. Suppose 0 = -22*p + 40 + 26. Suppose -w + 8 = t - 5*t, -p*w - n*t - 36 = 0. Let s(v) = -v - 5. Determine s(w).
3
Let z(a) = -11*a**3 - 80*a**2 + 22*a + 102. Let c(j) = -7*j**3 - 53*j**2 + 14*j + 71. Let l(t) = 8*c(t) - 5*z(t). Give l(-24).
10
Let t(k) = -k**3 + 26*k**2 - 22*k + 3. Suppose 2035 - 2254 = -155*p + 3656. What is t(p)?
78
Let w be (-3)/3*(-29)/1. Let t be -6*(4 + (-121)/22). Suppose -4*x = -r + t, 2*x - w = 6*x - 5*r. Let p(v) = -5*v + 1. Give p(x).
6
Suppose 3*u + u = -3*k - 11, -7 = k + 2*u. Suppose -2*w = k*w + 5. Let t(i) be the second derivative of -i**3/3 + i**2/2 + i. Calculate t(w).
3
Let i(b) be the second derivative of b**4/12 + b**3/6 - b**2 - 12*b. Suppose -18*q + 51 = -21. Determine i(q).
18
Suppose 21*y - 21435 + 2661 = 0. Suppose -878 = -4*v - y. Let w(l) = l**3 + 2*l**2 + 1. Determine w(v).
-31
Suppose 0 = 94*w - 97*w - 5*r - 78, -4*w - 4*r = 80. Let h(d) = d**2 + 13*d + 55. Calculate h(w).
33
Let r(y) = -y**2 - 20*y - 21. Suppose 4*h + 10 = 3*n, 14*h = 19*h + n + 3. Calculate r(h).
-2
Let a = 11 + -11. Suppose -10*m + 331 + 149 = a. Suppose 15*x - 7*x - m = 0. Let i(k) = 2*k - 8. Determine i(x).
4
Let l(t) = -2*t**2 - t - t + t**2 + 21 - 6*t. Let i be l(-10). Let c(u) = -9*u + 10*u + 0*u. Determine c(i).
1
Suppose 4*r - 6*r = -m + 4, -12 = -3*r. Let s(x) = 10*x - 2. Let z(w) = -4*w + 1. Let p(t) = m*z(t) + 5*s(t). Give p(-6).
-10
Suppose -2*l - 5*l = -21. Let k = l - -26. Let j(x) = 7*x - 11*x**2 - 8*x**2 + k*x**2 + 6 - 9*x**2. What is j(-4)?
-6
Let l(y) be the third derivative of -y**5/30 + y**4/4 - y**3/6 + 19072*y**2. Let b = -4 - -9. Determine l(b).
-21
Let u(l) = 103*l - 303*l + 203*l + 4. Let v(h) = -2*h**2 - 2*h + 3. Let z be v(-3). What is u(z)?
-23
Let z(l) = -2*l**2 - 6*l - 23. Let v(m) = -3*m**2 - 4*m - 18. Let k(j) = 6*v(j) - 5*z(j). Give k(-2).
-37
Let j = -1 - 0. Let l(s) be the first derivative of 7/4*s**4 + s + 739 + 1/3*s**3 + 1/2*s**2. Give l(j).
-6
Let l be (-24)/16*(6/(-9))/1. Let f(i) = i - 1. Let u(n) = -28*n + 8. Suppose 0*v = 2*v + 16. Let r(g) = v*f(g) - u(g). What is r(l)?
20
Let s = -2031 - -2037. Let q(l) = l**2 - l + 1. What is q(s)?
31
Let r(n) = 289*n + 2013. Let s be r(-7). Let a(o) = -o**3 - 10*o**2 + 5*o + 19. Determine a(s).
-31
Let p(u) = 6738*u + 6742*u - 3 - 13471*u. Give p(5).
42
Let m(j) = -j**3 + 3*j**2 + 20*j - 9. Suppose 5*t = 1121 - 1186. Let b(f) = 2*f**3 - 7*f**2 - 43*f + 20. Let x(q) = t*m(q) 